se 432*q - 3 = 433*q. Determine v(q).
-24
Let n(g) be the second derivative of g**5/40 + g**4/24 + 37*g**3/6 - g**2 + 60*g. Let q(k) be the second derivative of n(k). Determine q(-3).
-8
Let f be 51/85 - 36/(-40). Let q(g) be the first derivative of 1/4*g**4 - f*g**2 + 4 + g**3 - 4*g. Calculate q(-4).
-8
Let g = 569 + -563. Let u(a) = -g + 3 + 15 - a**2 + 11. Give u(0).
23
Let s be (-2)/(-5) - 301/(-35). Let y(r) = 3*r - 4 + s - 5. Suppose 4 - 5 = o. Determine y(o).
-3
Let m(t) = 5*t**3 - 82*t**2 + 337*t - 4. Let d be m(8). Let p(q) be the first derivative of 1/4*q**4 + 0*q - 1 - 4/3*q**3 + 1/2*q**2. What is p(d)?
4
Let j(t) = -3*t - 42. Let g(o) = -13*o + 2343. Let p be g(182). Calculate j(p).
27
Suppose 7*t - 55 = 134. Suppose -29*v + 38*v + t = 0. Let r(l) = -l**3 - 2*l**2 - 2*l - 7. What is r(v)?
8
Let y(c) be the first derivative of 57 + 28 - c**2 + 31 + 12*c. Give y(13).
-14
Let d(x) = 205*x + 209*x + 205*x - 620*x - 54. What is d(-28)?
-26
Let r(t) = -5*t + 5*t**2 + t**3 + t**3 - 12 + 15. Let k(p) = 3*p**3 + 11*p**2 - 10*p + 5. Let w be 10 + (-7 + 6)/(3/15). Let y(u) = w*r(u) - 3*k(u). Give y(7).
-14
Let a(p) be the first derivative of p**3/3 - 23*p**2/2 + 38*p - 345. Determine a(22).
16
Let m(h) = -h**3 + 4*h**2 + 4*h - 1. Let w be ((-55)/33)/(14/6 - 2). Let q(g) = -g**2 + 5*g - 6. Let s be q(4). Let b be (-1)/((-2)/w)*s. Give m(b).
-6
Suppose 0 = d - 3*k - 1, 3*d + 3*k + 11 = -2*k. Let f(r) = 11*r**2 - 4*r + 72. Let p(w) = -10*w**2 + 3*w - 62. Let a(t) = 6*f(t) + 7*p(t). Calculate a(d).
-12
Let x(t) = 3*t + 13. Let v(u) = 5*u + 24. Let z(f) = -6*v(f) + 11*x(f). Let h be ((-140)/8)/5 + (-12)/8. Determine z(h).
-16
Let t be (1720/(-140))/(6/7 + -1). Let j(a) = -4*a - 80 + a - t + 170. Calculate j(-5).
19
Let q be 3/(-6)*0 + 3. Let l(m) = -5*m + 4*m - m - q*m. Let v = 2263 + -2264. Give l(v).
5
Let j(k) = -17*k - 164. Let y be j(-10). Let n(o) = -2*o**2 + 5*o - 2. Calculate n(y).
-44
Let w(g) = -g**3 + 12*g**2 - 30*g - 25. Let b be w(8). Let n(f) = 3*f + 31. Calculate n(b).
4
Let p(v) = v**3 - v + 10. Let i be p(0). Let d = i - 14. Let y(l) be the third derivative of -l**5/60 - l**4/6 + 5*l**3/6 - 590*l**2. Determine y(d).
5
Let z(o) = o**2 - 38*o + 294. Let c be z(29). Let v be ((-4)/(-10))/(c/(-330)) + -1. Let p(f) = f**2 + 8*f + 6. Calculate p(v).
-9
Suppose -5*f + 2*h + 95 = -3*h, 62 = 3*f - 4*h. Let j(y) = -51609*y - 51618*y + 15*y**2 + 103213*y - y**3 + 2. Give j(f).
2
Let c be 6 + (-16 + 10)*10/20. Let h(t) be the third derivative of -1 + t**2 - 1/60*t**5 - 7/24*t**4 + 4/3*t**c + 0*t. Give h(-8).
0
Let q(i) = -i**2 + 24*i + 1. Let r(h) = 12*h + 1. Let g(u) = 2*q(u) - 5*r(u). Let c be ((-4)/1)/((-26)/(-6)*(-20)/(-130)). Calculate g(c).
-3
Let t(q) = q**2 + 2*q - 2. Let p be t(-3). Suppose 3 - 15 = -4*v. Let l(r) = -20*r + v + 1 - 3. Calculate l(p).
-19
Suppose -4*j + 22 = -c, 5*j = -3*c - 0*c + 2. Let t be (-1)/c*-2*3. Let v(b) be the first derivative of -2*b**4 + b**3/3 + b**2 + b - 435. Determine v(t).
8
Let m = 2 + -1. Let v be 4 + -2 - (4 + -4). Let n(o) = -172*o**2 + 1 + 346*o**2 - 190*o**v. Calculate n(m).
-15
Let j(c) = -3*c**2 + 4. Let w(v) = 6*v**2 - 8. Let k(u) = 9*j(u) + 4*w(u). What is k(2)?
-8
Suppose -i = b + 3, 4*i + 15 = -3*b + 2. Let q be b*-1*(-14)/(-2). Let t(x) = -2*x**3 + 1 - 7*x - 252*x**2 + 258*x**2 + 4 + 3*x**3. Determine t(q).
5
Let g(i) be the third derivative of -i**4/24 - 2570*i**2. Let o(h) = -h**3 - 10*h**2 + 13*h + 15. Let t be o(-11). What is g(t)?
7
Suppose -r = -297 - 4. Let h = 301 - r. Let w(y) = 5*y**3 - 5*y**2 + y - 4. Let f(k) = -4*k**3 + 4*k**2 - k + 4. Let d(s) = 4*f(s) + 3*w(s). Determine d(h).
4
Let o be (5/2)/((35/4)/7). Suppose -5*h - o*f = 18, -2*h - 6*f - 4 = -2*f. Let w(l) = 8*l + 5. Calculate w(h).
-27
Let a(g) = g**2 + 42*g + 271. Let s be -3 + (-9)/(-6) + (-858)/132. Calculate a(s).
-1
Let z(p) = -p**3 + p**2 - 2*p + 1. Let d = 16 - 21. Let r(s) = -2*s**3 + s**2 - 5*s + 1. Let u(t) = d*z(t) + 3*r(t). Determine u(-3).
22
Suppose 2*g - 11 = -3. Let z(w) = -5*w**3 + 8*w + 4*w**3 - 12*w + 0*w**3 + 7*w + 3*w**2. Determine z(g).
-4
Let o(m) = -m**3 + 6*m**2 - 5*m + 1. Let h be (-2)/5*1 - (-27)/5. Suppose 2*n - i = 11, -3*i - h = -2*n + 8. Give o(n).
1
Let y(d) be the first derivative of -d**4/4 + 10*d**3/3 - 2*d**2 - d + 7144. Give y(7).
118
Suppose 0 = 4*z + k - 28, 5*z + 9*k - 42 = 6*k. Suppose z*i - 265 = -235. Let m(c) = c - 6. What is m(i)?
-1
Let g be 76/(-18) + 4/18. Suppose 156*h = 151*h + 1680. Let n(v) = -334*v + 668*v - h*v - 6. Determine n(g).
2
Let u be 7 + (-1*4)/(-4) + 0. Let j(q) = q - 17. Let z be j(u). Let o(n) = -11*n + 24. Let k(f) = 13*f - 27. Let i(w) = -6*k(w) - 7*o(w). What is i(z)?
3
Suppose 32*d - 36*d = -8. Let o(b) = 9*b**3 - b**3 + 2*b + 4 + 5*b**3 - 12*b**3 - 2*b**d. What is o(3)?
19
Let k(r) = -30*r**2. Let i(p) = -p**2 - 266*p + 535. Let n be i(2). Give k(n).
-30
Let n(m) be the third derivative of -m**5/10 + 13*m**4/24 - 2*m**3 + 864*m**2. What is n(1)?
-5
Let k(h) = -21 - 4*h - 2*h - 2*h + h. Let x(b) = -8*b - 23. Let j(i) = 5*k(i) - 4*x(i). What is j(-5)?
2
Let r = 7910 - 7910. Let y(c) = c**2 + 3*c + 10. What is y(r)?
10
Let d(o) = -9*o - 29. Let s(i) = -7*i - 27. Let t(g) = -3*d(g) + 4*s(g). Calculate t(-24).
3
Let o(t) = -t**3 + 8*t**2 - 6*t - 5. Let y(x) = 24*x**3 - x**2 - x - 1. Let r be y(-1). Let q = -20 - r. Suppose 3 = 5*j + 13, -31 = -3*w + q*j. Determine o(w).
2
Suppose -4*k = -5*r + 1224, -4*r + 0*k + 2*k = -978. Suppose -3*f - f = r. Let c = 66 + f. Let z(n) = n**2 - 5*n - 1. Determine z(c).
-1
Let s(c) = c**3 + c**2 - c. Let g(a) = -6*a + 148. Let n be g(26). Let d be 242/88 - 2/n. Calculate s(d).
33
Let j(f) be the first derivative of f**4/24 + 31*f**2/2 - 10. Let p(d) be the second derivative of j(d). Calculate p(2).
2
Suppose -i + 20 = 4*i. Let v be 56/i*-1 - -2. Let q be 4/20*v - 4/(-10). Let c(w) = -4*w - 2. Determine c(q).
6
Let m = 15362 + -15361. Let j(a) = -80*a**2 + 5*a - 5. Determine j(m).
-80
Let t = 578 + -586. Let i(n) be the third derivative of -n**4/12 - 11*n**3/6 - 24*n**2. What is i(t)?
5
Let o(q) = 2*q + q**2 - 9 + 6 - 7. Let k(d) = 3*d**2 + 25*d + 21. Let j be k(-7). Determine o(j).
25
Let g(h) = -4 + 0 + 46*h**2 - 48*h**2 - 1456*h**3 - 7*h + 1455*h**3. Give g(-4).
56
Let y(a) be the second derivative of -a**4/12 - a**3/3 + a**2/2 - 6*a + 4. Let n be -4 - ((-24)/3 - -9). Calculate y(n).
-14
Let m(u) = 6 + 10376*u + 12 - 10 - 10373*u. Suppose -2*s - 15 = s. What is m(s)?
-7
Suppose 4*r - 36 = -4*j, -j + 814 = 811. Let h(b) = b**2 - 7*b + 14. Determine h(r).
8
Let s(r) = 3*r**2 + 7*r - 5. Let o be s(0). Let x(q) = 4*q**2 + 11*q + 13. Let k(g) = -7*g**2 - 23*g - 27. Let v(c) = o*x(c) - 3*k(c). Give v(-12).
-8
Let c(r) = 558*r + 25 - 181*r - 185*r - 189*r - 6. What is c(6)?
37
Let z(m) be the first derivative of m**4/4 + 7*m**3/3 - 9*m**2/2 + 15*m - 3432. Calculate z(-8).
23
Let h = -16137 + 16141. Let c(m) = -2*m**3 + 7*m**2 - m - 2. Calculate c(h).
-22
Let o(w) be the second derivative of -w**3 - 6*w**2 + 1623*w + 4. Give o(3).
-30
Suppose 0 = 81*a + 20*a - 1919. Let r(f) = -3*f**3 + 58*f**2 - 19*f - 15. Give r(a).
-15
Suppose 0 = -3*n + 2*r - 209 + 168, 5*n - 5*r = -85. Let g(h) be the third derivative of 0 + 2*h**2 - 1/3*h**3 + 1/60*h**5 + 7/24*h**4 + 0*h. Give g(n).
-2
Let v = 5 - -25. Let z be (6/9*3)/(12/v). Let m(l) = -2*l + 4. Calculate m(z).
-6
Let t(z) = -z**3 + 26 + 3*z + 2*z - z**2 - 3*z - 32. Let j be t(0). Let w be 2/j*(1 - 4). Let x(c) = 9*c**3 + c**2 - c + 1. Determine x(w).
10
Let k(t) = -4*t**2 - 4*t - 20. Let g be k(-7). Let z = 185 + g. Let j(q) be the third derivative of q**5/30 + q**4/6 + q**2. Give j(z).
6
Let o(f) = 2344*f + 13*f**2 - 6*f**2 - 2343*f - 9*f**2 + 10. Calculate o(3).
-5
Let k be ((-19)/(-3) + -6)/(2/(-186)). Let z(t) = t + 39. Let j be z(k). Let n(y) be the first derivative of y**3/3 - 9*y**2/2 + 7*y - 1. Give n(j).
-1
Let r(z) = z**3 + 7*z**2 - 18*z + 3. Let a be r(-9). Suppose 0 = -a*p - 122 + 116. Let m(w) = 3*w**3 + 3*w**2. Determine m(p).
-12
Let n(l) = 27 + 21 + 2*l + 0*l**3 - 63 + 33 - l**3 - 8*l**2. What is n(-8)?
2
Let j be 3024/48*(-36)/(-14). Let n(o) = -7 - 3*o - 167*o**2 - o**3 + 3 + j*o**2. Give n(-5).
11
Suppose 10 = 2*p - 4*u - 0, -4*p + 3*u + 15 = 0. Suppose 2*g +